 be g(-11). Suppose 3*v + q + 4 = 0, q - n*q - 8 = 5*v. Is (v - 1/(-3))*(754 + -1) a prime number?
True
Let j be (-9634)/(-6)*(-2 + (7 - 2)). Suppose 20 = -4*y + 16, -5*y = 2*c - j. Is c a composite number?
False
Suppose -42*s + 36 = -30*s. Suppose 3*f + s*o = -2*o + 47286, -o = -f + 15770. Is f prime?
True
Suppose 3*k - 416599 = -5*c, k + 166648 = 2*c - 2*k. Is c a prime number?
False
Suppose 1722*q = 1655*q + 3153757. Is q prime?
False
Let o = -26066 + 12883. Let v = 18630 + o. Is v prime?
False
Let v(o) = 1988*o**2 + 35*o + 549. Is v(-20) a composite number?
True
Let o(x) be the first derivative of -x**4/4 - 2*x**3 - 3*x**2 - 13. Let n be o(-5). Suppose -5*g - u + 58 - 9 = 0, 2*g - 38 = -n*u. Is g a composite number?
True
Let w(o) = 277*o**3 - o**2 - 4*o - 3. Let l be w(-2). Let k = l - -4891. Suppose k = 6*a - 2*a. Is a a prime number?
False
Let l(t) = -t**3 + 31*t**2 - 16*t - 22. Let c = -166 + 192. Is l(c) a prime number?
False
Let x be 430/(-70) - 2/(-14). Let z(c) = -1607*c - 73. Is z(x) prime?
False
Let g(q) = -q**3 - 22*q**2 - 2*q + 23. Suppose -4*s - 4*b - 128 = 0, -2*s + 5*b = b + 70. Let x be (2/3*s)/(0 + 1). Is g(x) prime?
True
Let c(o) = -4*o**3 + 369*o**2 - 184*o + 15. Is c(86) prime?
False
Let x = 82 + -69. Suppose -4*m + 9 = x. Is m*5 - 1460/(-5) composite?
True
Let z be 3/(-6)*(-19 - -9). Suppose z*c + 27 - 12 = 0. Is 1/(-5)*c - (-46812)/30 a composite number?
True
Suppose 2*a - 4*x = 22, 3*x + 17 = 5*a - 17. Suppose -a*o + 2322 = 3*g - 7*g, -3*o - g = -1400. Let l = o - 73. Is l a composite number?
True
Let t = -160 - -160. Suppose w + 4*f = -t*w + 557, 0 = w - f - 557. Is w a composite number?
False
Let s(f) = 95*f**3 + 3*f**2 - 7*f - 24. Let j(p) = 47*p**3 + p**2 - 3*p - 11. Let l(d) = 9*j(d) - 4*s(d). Let v = 10 - 6. Is l(v) composite?
True
Let x = -79 + 83. Suppose x*b + z - 1230 = 0, 4*b + 2*z - 956 = 276. Is b a prime number?
True
Let k(t) = 4*t**2 - 10*t - 2. Let h(b) = 5*b**2 - 10*b - 1. Let f(v) = -5*h(v) + 6*k(v). Let z be f(-9). Is (14/28)/(z/4196) composite?
False
Suppose 39715 = 3*q + 5*c, q - 3*c - 11132 - 2097 = 0. Is q a composite number?
True
Suppose -22*c + 6372785 = 698391. Is c prime?
False
Let l be 157/((2/(-25))/(8/(-10))). Suppose -l = 4*t - 298. Is t/9*(4 - 41/2) a prime number?
False
Let n be (604/(-12) - -3)*9. Suppose -14*v + 40 = 10106. Let l = n - v. Is l composite?
False
Let r = -64615 + 108212. Is r prime?
True
Let b be (1*2)/((-14)/(-19061)). Suppose -3*w + 8*w + 5 = 0, 0 = -2*z + w + b. Is z a composite number?
False
Suppose 0 = -3*f + 4*t - 42804, 28*t = -f + 31*t - 14268. Let u = f + 20557. Is u prime?
False
Let x be 4/18 - 350/(-126). Suppose 5*p = h + 30, x*p - p = 4*h + 120. Let z = 44 + h. Is z a composite number?
True
Is 2 + -1 + -1 - (-46485 - (9 - 5)) a prime number?
True
Suppose -494*k + 499*k - 838985 = 0. Is k prime?
False
Suppose 6*m - 40 = -2*m. Suppose 18*y - 15*y - f - 4972 = 0, 2*f - 8283 = -m*y. Is y prime?
True
Suppose 8*m - 12*m + 82437 = -m. Is m composite?
False
Let z = 1625 - 7804. Let r = z + 9940. Is r prime?
True
Let v be (-8 - -2) + -10 + 12. Let i be (-6)/v + (-1359)/18. Let s = -41 - i. Is s prime?
False
Suppose 16856 = q + 3*q. Suppose -10*x - 4185 = -5*x - 3*p, 837 = -x + 4*p. Let d = q + x. Is d a prime number?
False
Let d(t) = -552*t - 183. Let g be d(-37). Suppose -4*u + g = -7507. Is u a prime number?
False
Let x(a) = -4117*a**2 + 18*a - 4. Let p(w) = -8233*w**2 + 36*w - 9. Let v(q) = 2*p(q) - 5*x(q). Is v(-1) composite?
False
Let p(d) = -12*d + 96 + 7*d**3 - 62 + d**2 - 7*d**2 - 14*d. Is p(9) composite?
True
Suppose -q - 5*j + 90495 = 0, 2*j = -2*q + 11080 + 169894. Is q composite?
True
Let p(i) = 46*i + 919. Is p(12) composite?
False
Suppose 57*d - 17086977 + 6175294 - 7594564 = 0. Is d composite?
True
Suppose 30488*w - 30501*w = -273611. Is w composite?
True
Let p = 6274 - 702. Let b = p - -11031. Is b a prime number?
True
Let g be (3 + (-4 - -6))/((-2)/4). Let w = 15 + g. Suppose 4*v + w*v - 57177 = 0. Is v a composite number?
False
Suppose 8 = 10*o - 6*o. Let s(m) = -1 + 0*m**3 + 5*m**3 + 12*m**o - 13*m**2 - 4*m. Is s(7) a prime number?
True
Suppose 35 = 5*d + 5*q, -5*d = -q - q - 21. Suppose 0 = -5*h + 10, d*t - 17235 = 2*h + 5586. Suppose 0 = b, -5*n + 4*b + 0*b + t = 0. Is n a prime number?
False
Let l be -1*(1 - 8 - -10). Is (-5)/l - 689636/(-159) prime?
True
Let c(s) = 9*s**2 - 4*s + 10*s**2 - 8*s**2 - 16. Let n be c(9). Suppose v - n = 818. Is v a composite number?
False
Let z(w) = -9166*w + 1039. Is z(-28) a composite number?
False
Suppose 3*t - 61 = -3*c + 29, -t + 4*c + 15 = 0. Suppose -t = -2*d - d. Suppose 1847 = d*r - 1996. Is r a prime number?
False
Let y = -6934 + -5284. Let h = y - -17155. Is h a composite number?
False
Suppose -8*r - 17 = 7. Let h be (132/28 - (-2)/7) + r. Is (7 + -8)/(h/(-6598)) composite?
False
Let p(o) be the first derivative of -11 + 3*o + 5*o**3 + 3/2*o**2. Is p(-1) composite?
True
Let b(o) = -53*o**2 + 6*o - 5. Let p(t) = 264*t**2 - 31*t + 26. Suppose -3*y - 24 = -3*x, 0*y - x - 14 = y. Let l(u) = y*b(u) - 2*p(u). Is l(-4) a prime number?
False
Suppose -24*o = -26*o - 6. Let r be (-1)/(1 + o)*14. Is r/((-28)/(-4680)) - 1 a prime number?
False
Is 70/945*1 + (2 - 38120054/(-54)) prime?
False
Let d = 130599 - 70468. Is d a prime number?
False
Let y(s) = 43*s**3 + 2*s**2 - s + 3. Let l be y(3). Let n = l - -478. Is n a prime number?
True
Suppose 64*k - 27024601 = -1013529. Is k a composite number?
False
Let t(c) = -125*c**3 - 9*c**2 + 21*c - 3. Is t(-10) prime?
True
Suppose 4*u = -2*x + 20 - 4, -5*x - u + 40 = 0. Let o(h) = 56*h**2 - 9 + 6 + 1 - 3*h + x*h. Is o(-3) composite?
False
Let f = -20620 - -21647. Is f a composite number?
True
Let o(c) = 2352*c**2 + 192*c - 29. Is o(-3) a composite number?
False
Let a(c) = c**3 + 1110. Let i be a(0). Let w = i + -643. Is w a composite number?
False
Let y be (-3)/(-6)*-4 - 55. Let t = y - -62. Suppose -2*a = 4*n - 294, -t*a = 2*n - 408 - 303. Is a composite?
True
Let l(k) = 3995*k + 4289. Is l(18) composite?
True
Let k(h) = -3*h + 12. Let o be k(3). Let f(s) = -164*s - 21. Let c(l) = 165*l + 20. Let j(z) = o*f(z) + 4*c(z). Is j(7) a composite number?
False
Suppose 0 = -4*k + 131*r - 132*r + 536689, k + r = 134176. Is k a prime number?
True
Suppose -588 - 260 = 2*n. Is (-1073833)/n + 6/16 a composite number?
True
Let z(s) = 5442*s + 11. Let q be z(2). Suppose -18*d + 23*d - q = 0. Is d a composite number?
False
Let t be 5/(-2)*(-60)/10. Suppose -4*n + o = 65, 2*n + 3*o + t = -0*o. Is 50/n*-147 - -1 a prime number?
True
Let a = -116244 - -219037. Is a composite?
False
Suppose 30*h + 973240 + 796979 = 63*h. Is h a prime number?
False
Suppose 2*r - 2*t + 0*t - 56508 = 0, 0 = 4*t. Let n = r + 9023. Is n a prime number?
True
Suppose 0 = 5*a, 5*a = -n + a + 3. Suppose n*b - m = 18741, 11*b + 4*m = 6*b + 31235. Is b a composite number?
False
Let a = -108947 + 252982. Is a a composite number?
True
Let m = 126331 + -20892. Is m composite?
True
Let i(c) = -3*c - 6. Let x(l) = -4*l - 6. Let k(j) = 3*i(j) - 2*x(j). Let g be k(-8). Is (-1)/g - 1707/(-2) a prime number?
True
Suppose -3*g + 2*c + 73319 = 0, 626*g - 625*g = 3*c + 24442. Is g a prime number?
True
Let b be (-1)/11*45 + (-35)/(-385). Is ((-12307)/(-4))/(b*1/(-16)) a composite number?
True
Suppose -3*k - 2*l = -20, -2*k + 3*l + 5 + 4 = 0. Suppose k*o = 12531 - 213. Is o a prime number?
True
Let z(c) be the second derivative of -7367*c**3/6 + 259*c**2/2 + c + 12. Is z(-8) a prime number?
False
Suppose 31*y - d = 32*y - 181648, 4*y + 5*d = 726589. Is y composite?
True
Let w = 58 + -104. Let c = w - -105. Suppose -2*h + c = -415. Is h composite?
True
Suppose x - 13 = f - 2*x, 4*f - 4*x = -52. Let g(k) = 11*k**2 + 52*k - 57. Is g(f) prime?
False
Let z be (-4583 - 3)*(-9)/4*-2. Let r = z + 11852. Is (-3)/(-4) + r/(-20) + 6 a composite number?
True
Suppose -1466*n + 1462*n = -12, -5*m + 395470 = 5*n. Is m prime?
False
Let v(w) = 577*w**2 + 34*w - 1118. Is v(21) composite?
False
Suppose -4*d = 5*i - 3*d - 70, 0 = 3*d. Let o be ((-22)/77)/((-1)/i). Let s(p) = -p**3 + 6*p**2 + 6*p - 10. Is s(o) prime?
False
Suppose 0 = 60*b - 6993700 + 1180120. Is b a prime number?
True
Is ((-6678)/16 - 55/55)/((-1)/8) a prime number?
True
Is (3/24*(-